{"id":20,"date":"2017-10-30T12:12:53","date_gmt":"2017-10-30T12:12:53","guid":{"rendered":"http:\/\/modelsbyeast.de\/?page_id=20"},"modified":"2022-10-08T11:14:50","modified_gmt":"2022-10-08T11:14:50","slug":"impressum","status":"publish","type":"page","link":"https:\/\/modelsbyeast.de\/?page_id=20","title":{"rendered":"Impressum"},"content":{"rendered":"<p>Domaininhaber und rechtlich verantwortlich f\u00fcr diese Webpr\u00e4sentation sowie deren Betreuung und Aktualisierung:<\/p>\n<p>Ingo Elstner<br \/>\nLiebermannstr. 10<br \/>\n39108 Magdeburg<br \/>\ne-mail: modelsbyeast@gmx.de<br \/>\nPhone: 0049 (160) 975 18 786<br \/>\nKontaKt: modelsbyeast@gmx.de<\/p>\n<p>Keine Ver\u00f6ffentlichungen oder Verkauf, Tausch etc. ohne Zustimmung des Betreibers bzw. Autors.\u00a0Alle Rechte vorbehalten !<br \/>\nErstellt von 1999 bis 2022.<\/p>\n<p>Diese Website ist gehostet bei der STRATO AG in Berlin \/ Deutschland.<\/p>\n<p>Hinweis:\u00a0Bez\u00fcglich fremder Inhalte, zu denen Verkn\u00fcpfungen (Links) bestehen, distanzieren wir uns entsprechend dem Urteil des Landgerichts Hamburg vom 12. Mai 1998 ausdr\u00fccklich von den Inhalten dieser Internetseiten.<br \/>\nF\u00fcr alle Links gilt: ModelsByEast.de hat keinen Einfluss auf Inhalt und Gestaltung der verlinkten Seiten.<\/p>\n<p>Die Nutzung von Links, die zu Seiten au\u00dferhalb der Seiten von ModelsbyEast.de f\u00fchren, erfolgen auf eigene Verantwortung der Nutzer.<\/p>\n","protected":false},"excerpt":{"rendered":"<p>Domaininhaber und rechtlich verantwortlich f\u00fcr diese Webpr\u00e4sentation sowie deren Betreuung und Aktualisierung: Ingo Elstner Liebermannstr. 10 39108 Magdeburg e-mail: modelsbyeast@gmx.de Phone: 0049 (160) 975 18 786 KontaKt: modelsbyeast@gmx.de Keine Ver\u00f6ffentlichungen oder Verkauf, Tausch etc. ohne Zustimmung des Betreibers bzw. Autors.\u00a0Alle Rechte vorbehalten ! Erstellt von 1999 bis 2022. Diese Website ist gehostet bei der STRATO [&hellip;]<\/p>\n","protected":false},"author":1,"featured_media":0,"parent":0,"menu_order":0,"comment_status":"closed","ping_status":"closed","template":"","meta":[],"_links":{"self":[{"href":"https:\/\/modelsbyeast.de\/index.php?rest_route=\/wp\/v2\/pages\/20"}],"collection":[{"href":"https:\/\/modelsbyeast.de\/index.php?rest_route=\/wp\/v2\/pages"}],"about":[{"href":"https:\/\/modelsbyeast.de\/index.php?rest_route=\/wp\/v2\/types\/page"}],"author":[{"embeddable":true,"href":"https:\/\/modelsbyeast.de\/index.php?rest_route=\/wp\/v2\/users\/1"}],"replies":[{"embeddable":true,"href":"https:\/\/modelsbyeast.de\/index.php?rest_route=%2Fwp%2Fv2%2Fcomments&post=20"}],"version-history":[{"count":6,"href":"https:\/\/modelsbyeast.de\/index.php?rest_route=\/wp\/v2\/pages\/20\/revisions"}],"predecessor-version":[{"id":1182,"href":"https:\/\/modelsbyeast.de\/index.php?rest_route=\/wp\/v2\/pages\/20\/revisions\/1182"}],"wp:attachment":[{"href":"https:\/\/modelsbyeast.de\/index.php?rest_route=%2Fwp%2Fv2%2Fmedia&parent=20"}],"curies":[{"name":"wp","href":"https:\/\/api.w.org\/{rel}","templated":true}]}}